the units digit of l?
5
Let l be 230 + 1 - 6/(0 - -2). Let x = l + -146. What is the tens digit of x?
8
Suppose 0*t - t - 4 = 0, 0 = 2*f + 2*t + 2. Suppose -2*y = -r + f*r - 44, -2*y = 5*r - 125. What is the tens digit of r?
2
Suppose 0*s - 5*s + 1268 = 2*o, -5*o + 1011 = 4*s. What is the hundreds digit of s/2 - 10/(-2)?
1
Suppose -5*m + 432 = v - 0*v, 5*v - 2232 = -m. What is the units digit of v?
7
Suppose 2*b + m - 1 = 0, 3*b - 1 = -3*m - 4. Let l(f) = 3*f**3 - 7*f + 13. What is the tens digit of l(b)?
2
What is the units digit of 9569/49 + 6/(-21)?
5
Let t be (-12)/8*(5 + -3). What is the tens digit of t - -3 - -4 - -26?
3
Suppose 2*b - 4 = -5*t - 20, -28 = 5*t - 4*b. What is the units digit of t/8*1*-74?
7
Suppose 7*l + 180 = 12*l. Let n = l - 27. What is the units digit of n?
9
Let t(g) = -g**2 + 17*g - 20. Let u be t(15). Let v(b) = b**3 - 9*b**2 - 8*b - 22. Let d be v(u). What is the tens digit of -61*(-1 - 2 - d)?
6
Let r(y) = y**3 - y**2 + 7*y - 10. Let i be r(5). Suppose -2*p + 59 = -i. Let v = p - 61. What is the tens digit of v?
3
Suppose 29 = -13*s + 81. Let k = -87 + 122. Suppose -s*r - r = -k. What is the units digit of r?
7
Let a(u) = -u**3 - 11*u**2 + 11*u - 10. Let t be a(-12). Let c(q) = 19*q**2 + 6*q - 11. What is the tens digit of c(t)?
7
Let f(r) = r**3 + 4*r**2 - 2*r - 4. Let k be f(-4). Let c(s) = -4 - 3 - 2*s + k - 4*s. What is the tens digit of c(-5)?
2
Let g(l) = -l**2 + 11*l - 19. Let w be g(8). Suppose 42 = 3*c - c + 4*d, 41 = 3*c - w*d. What is the tens digit of c?
1
Let c(u) = -u**3 + u + 660. Let y be c(0). Suppose 2*w = -5*l + y, -280 = 3*l - 5*l - 4*w. What is the tens digit of l?
3
Suppose -62*j + 84*j - 75856 = 0. What is the tens digit of j?
4
Let b(g) = -g**3 + 2*g**2 + 3*g. Suppose -9 + 3 = 2*l. Let c be b(l). Suppose -3*n - c = -135. What is the units digit of n?
3
Suppose -4*s + 384 = -3*s. Let q = s - 256. Suppose q = 7*z - 3*z. What is the units digit of z?
2
Let t(v) = v**3 + 16*v**2 + 12*v + 9. Let m be t(-16). What is the tens digit of 8/4*(1 + m/(-6))?
6
Suppose 0 = 4*s - 0*s. Suppose -10*f + 5*f + 45 = s. Suppose 5*h = 2*q + f + 6, 5*q + 4*h = 45. What is the units digit of q?
5
Let i(j) = -32*j**3 - 13*j**2 + j + 17. What is the hundreds digit of i(-5)?
6
What is the units digit of (-4)/(-20) + 62361/45?
6
Let w = -97 - -74. Let i(f) = f**3 + 24*f**2 + 15*f + 15. What is the units digit of i(w)?
9
Let x = 685 - -294. What is the units digit of x?
9
Let z = 247 + 558. What is the units digit of z?
5
Suppose 32*k - 37*k = -d + 1028, -2061 = -2*d + 5*k. What is the hundreds digit of d?
0
Let n be 105/12 + 3/12. Let i(w) = -3*w - 6. Let f be i(n). Let h = 54 + f. What is the units digit of h?
1
Let q(w) = -130*w - 108. What is the hundreds digit of q(-7)?
8
Suppose 5*a - a = 64. Suppose 5*s = 3*s - 4*z - a, -z = 2*s + 1. Suppose -3*u - 2*m = -0*m - 79, -56 = -s*u - 3*m. What is the tens digit of u?
2
What is the hundreds digit of 4/(-12) - (3 - 3171/9)?
3
Let f(w) be the first derivative of -w**3/3 - 13*w**2/2 - 9*w - 1. Let v be -2*(231/(-6))/(-7). What is the tens digit of f(v)?
1
Let q = -3 + 6. Let g(w) = -q - 3 + w**2 + 12 + 5*w. What is the units digit of g(-5)?
6
Suppose 13294 = k + 22*k. What is the hundreds digit of k?
5
Suppose 0 = m + 3*p - 537, 6 + 4 = -2*p. What is the hundreds digit of -2 - -3*(m/(-9))/(-1)?
1
Let f(n) = -n**2 + 3*n + 26. Let l(x) = 2*x**2 - 6*x - 52. Let k(w) = -7*f(w) - 3*l(w). What is the tens digit of k(13)?
0
Let u(w) = 9*w**3 + 4*w**2 + w + 1. Let o be u(3). Suppose -4*z + o = z + 4*f, 4*z = 5*f + 251. What is the units digit of z?
9
Let i = -76 - -116. Suppose 0*g = -2*k - 4*g - 64, -i = 2*k - 2*g. Let j = k + 72. What is the tens digit of j?
4
Suppose -2*b + 0*x + 72 = -2*x, -4*x = -3*b + 104. Let l = -23 + b. What is the units digit of l?
7
Suppose 5 + 6 = 4*l + q, -13 = -3*l + 4*q. Let s(f) = 3*f**2 - 3*f + 10. What is the tens digit of s(l)?
2
Suppose 2*b - l = 291, 5*b + 4*l + l = 750. Let z = b - 78. What is the units digit of z?
9
Let w be 1/(-2 - 15/(-9)). Let n(o) = -5*o - 6 - 4*o + 2*o. What is the units digit of n(w)?
5
What is the units digit of ((5071/3)/11)/((-2)/(-12))?
2
Suppose 0*p + 2*p + 13 = 5*j, -2*j = -3*p + 8. Let c(a) = -2*a**2 + p*a + 2*a + 1 - 6*a + 3*a**2. What is the tens digit of c(-6)?
2
Let c(q) = 6*q**2 - 11*q. Let p(w) = -7*w**2 + 12*w. Let f(h) = 4*c(h) + 3*p(h). What is the units digit of f(-6)?
6
Let v(w) be the first derivative of -w**4/12 - 7*w**3/3 - 3*w**2 + 5*w - 9. Let q(s) be the first derivative of v(s). What is the units digit of q(-12)?
8
Suppose -2*k = 5*o - 764 - 1686, -1943 = -4*o - 5*k. Suppose o = 9*a - 3*a. What is the tens digit of a?
8
Suppose -5297 - 5333 = 5*l. What is the hundreds digit of (-204)/340 + (1 - l/10)?
2
Let l = 14 + -42. Suppose 85 + 25 = 2*b. Let s = b + l. What is the tens digit of s?
2
Let z = 8 - 12. Suppose -3*s + 5 - 3 = 2*v, 5*s + 4*v - 2 = 0. What is the units digit of ((-2)/z)/(s/20)?
5
Let t be (6/(-21))/(5/(-35)). Suppose 0 = -t*d + 4*h + 20, -3*h - 2 = -2*h. Suppose -5*c - 25 = 0, -x - c - 4*c = d. What is the tens digit of x?
1
Suppose -94*v = -83*v - 25520. What is the thousands digit of v?
2
What is the tens digit of ((-483)/(-7))/((-2)/(-2))?
6
What is the units digit of ((-165)/(-9))/(13/78)?
0
Let x be 4 + -5 - -69*1. Let p = 142 - x. What is the tens digit of p?
7
Suppose -19*t = -11*t + 232. Let s = 34 + -15. Let c = s - t. What is the units digit of c?
8
Let d = 15 + -11. Let h(c) = 4*c + d*c - 10*c - c. What is the tens digit of h(-14)?
4
Let i(l) = -2*l + 27. Let q be i(13). What is the units digit of 0 + -12*(q - 2)?
2
Let j = -1185 + 1980. What is the units digit of j?
5
What is the units digit of 6 - (186/124)/(1/(-1142))?
9
Suppose 242 = 5*n - 2*o - 53, 2*o = 0. What is the tens digit of n?
5
Let s(b) be the second derivative of b**5/20 + 3*b**4/4 + 3*b**3/2 + 7*b**2 - 10*b. What is the tens digit of s(-7)?
4
What is the units digit of -286*(2/((-12)/21) + 3)?
3
Let n = 141 + -143. What is the tens digit of n/13 + 12165/65?
8
Suppose p = -2*q + 197, -2*p = q + q - 384. Suppose -p = -2*z - 5*j, -z = -4*z - 4*j + 298. What is the tens digit of z?
0
Suppose -2*c - 4 - 218 = 0. Let g = -53 - c. What is the units digit of g?
8
Let i be (2 - -1) + (7 - 4 - 6). What is the tens digit of 180 - i - (-3 - -2)?
8
Let z(m) = 5*m**2 - 10*m - 3. Let w be z(3). Let j be (-3)/((-24)/10)*4. Suppose w = j*s - 13. What is the units digit of s?
5
Suppose -2*y = t + 2, 4*y = 5*t - 8*t. Let f = 1 - -1. Suppose 0 = -3*z + f*q + 23, z = -t*z + 4*q + 37. What is the units digit of z?
9
Let l = -2766 + 4262. What is the thousands digit of l?
1
Suppose -39 = -3*r + 4*i, -2*i + 9 = -5*r + 74. Suppose 0 = -5*u - 20, -5*w + 5*u = -w. Let l = r + w. What is the units digit of l?
8
Let z(j) = 2*j**2 - j - 6. Let g be z(6). Suppose g = -6*t + 804. What is the tens digit of t?
2
Suppose 4*k - 11 = d, k - 4 = -k + 2*d. Let s be 1/1 + (6 - k). Suppose -w - 5*g + 62 = 0, 0 = -0*w - s*w - 2*g + 158. What is the tens digit of w?
3
Let t be 3 + -4 + 0 + 2. Let b = 3 + t. Suppose -2*c - 4*j = -b*c + 24, -4*c + 92 = 3*j. What is the units digit of c?
0
Let a be (1*-94)/(26/39). Let d = -60 - a. What is the units digit of d?
1
Suppose 5*o = o - 24. Let m(i) = 2*i**2 + i - 7. What is the units digit of m(o)?
9
Let j(b) = 16*b**2 - 16*b + 64. What is the tens digit of j(6)?
4
Suppose -216*z - 41679 = -227*z. What is the tens digit of z?
8
Let g(o) be the first derivative of 3*o - 8/3*o**3 - 7/2*o**2 + 4 + 1/4*o**4. What is the tens digit of g(9)?
2
Suppose -29280 = -21*f - 9*f. What is the units digit of f?
6
Let c(i) be the second derivative of 3*i**4/2 + i**2/2 - i. Let v(p) = -p**3 + 3*p**2 + p - 1. Let o be v(0). What is the tens digit of c(o)?
1
Let m(f) = f**2 + 5*f - 2. Let o = 59 - 319. Let p be o/36 - (-4)/18. What is the units digit of m(p)?
2
Suppose -16*d = 797 - 3885. What is the hundreds digit of d?
1
Suppose 0 = 3*k - 6*k + 252. Let x = k + -57. Suppose 15 = 2*p - x. What is the tens digit of p?
2
Let m be -1 - 6/(-5) - (-1244)/(-20). What is the tens digit of (m/(-4))/(3/12)?
6
Let a(n) = n**2 - n + 408. Let b be a(0). Suppose 234 = -5*m - 0*m - 4*z, -m - z - 46 = 0. What is the units digi